lculate the greatest common divisor of q and 120.
6
Let b = -6497 + 9800. What is the greatest common factor of b and 27?
9
Suppose -9152 = -25*s + 23*s - 4*y, 0 = 2*y - 6. What is the highest common divisor of s and 10?
10
Let s be (1 - -4) + -1*(-31 - -2). What is the greatest common divisor of 3383 and s?
17
Let s = -460 - -486. What is the highest common factor of s and 78?
26
Suppose -62 = -4*w + 2*k, -w - 5*k + 69 = 3*w. Let l be (w/14)/4 + (-66)/(-14). Let o be (l/(-15))/(3/(-117)). What is the highest common factor of o and 52?
13
Suppose 11*q - 12*q = 5*k - 170, -k + 4 = 0. What is the highest common divisor of q and 240?
30
Suppose 5*c = -3*o + 15234, -49 = 2*c - 55. Calculate the greatest common divisor of 57 and o.
57
Let l be (-2 - -10)/(-2 + 0). Let q be l - 2/(6/(-57)). Let g be ((-675)/(-10))/(1/2). What is the highest common factor of g and q?
15
Let t = -115 - -196. Let k(v) = 26*v + 6. Let h(b) = 26*b + 4. Let f(g) = -4*h(g) + 3*k(g). Let u be f(-2). Calculate the highest common divisor of t and u.
27
Let u(z) = 2*z**2 + 4*z + 3. Let o be u(-3). Let q(a) = 4*a - 73. Let i be q(-17). Let k = i - -213. What is the greatest common divisor of k and o?
9
Let n(g) = -2*g**3 - 61*g**2 + 38*g + 256. Let c be n(-31). What is the greatest common factor of 4173 and c?
39
Let l be 0/((-9)/3 - -4). Suppose l = 7*u - 14 - 7. Let g be 5/u*(4 - 1). What is the highest common divisor of 55 and g?
5
Suppose 5*b - 645 = 160. Suppose -7*x + 9*x = 5*m - 45, 13 = -m - 4*x. What is the highest common divisor of m and b?
7
Suppose -13*p + 5*t - 1748 = -17*p, -2140 = -5*p + 5*t. Let c = 62 + -46. Calculate the greatest common divisor of p and c.
16
Let l be 1 + 4/((-2)/2). Let m = 2822 - 2819. Let i be 5*(m - ((-36)/20)/l). Calculate the highest common factor of i and 60.
12
Let a be (-26350)/(-1581)*(-126)/(-20). Suppose 3*c + 8 = 197. Calculate the highest common divisor of a and c.
21
Let z = -10 + 34. Let d be (-112 - -112)/(0 - -7). Suppose 0 = 2*l + 4*p - 148, d = -4*l + 9*l - p - 359. Calculate the greatest common factor of l and z.
24
Let l be -2 + 28/(-2)*-1. Let c be 17 + 24/(4 - 0). Let s = c + -19. What is the greatest common factor of l and s?
4
Let o(a) = 3*a**2 + a. Let r be o(-1). Let h = -310 - -441. Suppose -h = r*p - 659. Calculate the highest common factor of p and 24.
24
Let j be 4/(-4) - (-2 - -5 - 6). Suppose 0 = j*l - 4*l + a + 99, l - 72 = 5*a. Let g be 376*((-36)/(-8) + -4). Calculate the highest common divisor of l and g.
47
Suppose -4*i + 10 = -22. Let b be (-10)/i*2*-2. Suppose -2*g - 5*z + 18 = 0, -5*g + 0*z = b*z - 45. What is the highest common factor of g and 6?
3
Let r(q) = -q**3 + 9*q - 22. Let g be r(-10). Let x = -771 + g. Calculate the highest common divisor of 52 and x.
13
Suppose 665 = 5*f + k, 5*k + 546 = 4*f + 3*k. Calculate the greatest common factor of f and 4.
2
Suppose 5*l + 15 = 0, 3*y - l = -0*l + 159. Let k = 57 - y. Let u be ((-44)/10)/(-3*k/825). Calculate the greatest common factor of 22 and u.
22
Let z(h) = h**3 + 10*h**2 + 2*h + 16. Let l be (12/15*1)/((-4)/50). Let u be z(l). Let c be 0/u + (-88)/(-2). Calculate the highest common divisor of 4 and c.
4
Let c(t) = 142*t + 2745. Let p be c(-9). What is the highest common divisor of p and 9?
9
Let l(s) = 19*s**2 + s - 1. Let m be l(-2). Let x = -45 + m. Let p(o) = -3*o**2 - 17*o - 3. Let n be p(-5). What is the highest common factor of n and x?
7
Suppose 2*z - 3*o - 997 = 0, 5*z + 5*o = 1246 + 1309. Suppose 33*u - z = 11*u. Calculate the highest common divisor of 138 and u.
23
Let o = 31554 - 20200. Calculate the highest common divisor of o and 7.
7
Suppose -3*u - 25 = -25. Suppose u = -2*z + 6*z - 3*b - 12, 0 = b. Let y be (2/7)/(z/42). What is the greatest common factor of y and 14?
2
Let o(t) = t**2 - 97*t + 2472. Let f be o(54). Calculate the greatest common factor of 4625 and f.
25
Suppose 0*s = 5*y - s - 24, -3*y + 5*s = -32. Suppose -421 + 2251 = 5*j + 3*w, -4*j = -y*w - 1464. Calculate the greatest common factor of j and 6.
6
Suppose 25 = 2*h - 3*b, 2*h + 14*b - 5 = 13*b. Suppose -4*q + u + 103 = 0, -u = h*q + 2*u - 116. Calculate the greatest common factor of q and 45.
5
Let r be (5 - (-30)/(-18))*(-4 - -1). Let f be (-441)/(-35) - 4/r. Let t be (-1)/4 + 159/12. What is the greatest common divisor of t and f?
13
Suppose 8*f - 114 = -b + 5*f, -3*f + 243 = 2*b. Suppose -b = 4*w - 7*w. Let k(d) = -96*d - 3463. Let m be k(-41). What is the highest common divisor of w and m?
43
Suppose 2*g + 3*g - 3*r = 65, 2*r + 20 = g. Suppose -2*s + g = 3*s. Suppose 6*v - 280 = -s*v. What is the greatest common factor of v and 5?
5
Suppose 42 = -3*q + 17*q. Suppose -4*n = q*s - 8 - 2, 5 = 2*s + 3*n. Calculate the greatest common divisor of s and 120.
10
Suppose 2*u - 49*g + 27 = -58*g, -5*u + 40 = g. Suppose 0 = y + 5*r - 47, 2*y + 2*r = y + 35. Calculate the highest common factor of y and u.
9
Let p(g) = 5 - 6 - g + 2 + 16. Let z = -30 - -35. Let x be p(z). Calculate the greatest common divisor of 3 and x.
3
Suppose -3*k + 75 = 3*o, 3*k + 8 = 3*o + 89. Let r = 139 + -134. Suppose -179 = -5*u - 4*n + 146, 0 = r*n. Calculate the greatest common factor of u and k.
13
Suppose -4*q - q = 2*l + 13, 4*q + 15 = 3*l. Let m be l/(56/52 - 1). What is the highest common factor of m and 91?
13
Let x(m) = -m + 7. Let v be x(7). Let i(g) = 5*g + 60. Let p be i(v). Suppose 0 = 5*q + 2*y - 6*y - p, 0 = 2*y. What is the highest common factor of 9 and q?
3
Let l(f) = -3*f + 36. Let y be l(10). Suppose 0 = -2*v - 3*m + 31, -4*m + 28 + y = 2*v. What is the greatest common divisor of 165 and v?
11
Let u(q) = 91*q**2 + 154*q + 1182. Let n be u(-8). What is the greatest common factor of n and 2?
2
Suppose 2859*y = 2833*y + 295568. What is the highest common factor of 28 and y?
28
Suppose 106*f - 9408 = -90*f. What is the greatest common factor of f and 1518?
6
Suppose 5*b + 9 + 11 = 0, 5*z = 3*b + 67. Let h be z + -8*(-15)/20. What is the greatest common factor of h and 255?
17
Let t(v) = 2*v + 4*v - 9*v - 5*v - 130. Let x be t(-21). What is the highest common divisor of 608 and x?
38
Let s(t) = -3*t + 170. Let r be s(28). Suppose -l = -7*w + 8*w - r, -2*l + 348 = 4*w. What is the greatest common factor of w and 8?
8
Let f = 41205 + -41129. Calculate the highest common divisor of f and 388.
4
Let f = -52 + 62. Calculate the highest common divisor of f and 740.
10
Let r be 2/(-3) + (-70)/(-6). Suppose -r*w + 4*w = -2380. What is the greatest common divisor of w and 17?
17
Let p(m) = 4*m + 274. Let x be p(-47). Calculate the highest common factor of x and 4859.
43
Let h = -3543 - -6142. Calculate the greatest common divisor of h and 23.
23
Let l be -7 - (-44022)/207*(-3)/(-2). Let z(i) = -i**2 + 15*i - 11. Let k be z(10). Calculate the highest common factor of l and k.
39
Let f = -66 + -123. Let k be ((-312)/f + 4/(-18))*35. Let j(h) = -h + 5. Let m be j(0). Calculate the highest common divisor of m and k.
5
Let j be (-10)/(-12) + 5 + 7 + (-265)/30. Suppose g - 2 - 2 = 0. Suppose g*d - 8 = -p, -3*p - 3*d + 33 + 18 = 0. What is the highest common factor of j and p?
4
Suppose -6*y - 329 = 2113. Let d = y + 603. What is the greatest common factor of 84 and d?
28
Let q be 1242/126 - (-2)/14. Suppose -g - q*g = -2772. Calculate the greatest common divisor of 63 and g.
63
Let y(m) = 7*m**2 - 49*m - 18. Let r(f) = -2*f**2 + 23*f + 2. Let d be r(11). Let j be y(d). What is the greatest common divisor of 11 and j?
11
Suppose 4*v - 9*i - 36 = -5*i, -2*i = -5*v + 54. Suppose 21528 = -32*r + 58*r. What is the greatest common factor of v and r?
12
Suppose 4*y - 502 = -3*j, -4*j + 2*y = 7*y - 668. Let c = -78 + j. Let a = 6025 - 5969. Calculate the highest common factor of c and a.
28
Let f = 27 + -135. Let o be (f/14)/((-3)/14). Suppose 4*b - 206 = 370. What is the greatest common factor of o and b?
36
Suppose 5*c - 4*d - 113 + 709 = 0, 3*c + 5*d = -365. Let g = 256 + c. What is the highest common factor of 102 and g?
34
Suppose 541 = 95*h - 314. What is the highest common factor of 5769 and h?
9
Let m(h) = h - 4. Let r be m(10). Suppose 6 = 6*y - r. Suppose -3*c - 5*u - 1 = 0, -y*c + 3 = -3*c - 3*u. Calculate the highest common divisor of c and 2.
1
Let v(j) = 177*j - 24. Let m be v(7). Wh